 What is o(36)?
-3
Let n(z) = z + 1. Determine n(3).
4
Let f(o) = 5*o**2 - 7*o - 17. What is f(5)?
73
Let l(j) = 7*j - 3. What is l(1)?
4
Let l(t) = -3*t**2 - 3*t + 1. Calculate l(-3).
-17
Let k(q) = -4*q**2 + 7*q - 2. Give k(4).
-38
Let b(a) = 28*a + 107. Give b(-4).
-5
Let g(v) = v**3 + v**2 - 30. Give g(0).
-30
Let h(o) = -o**2 + 2*o - 4. Calculate h(1).
-3
Let q(r) = 5*r - 38. Give q(16).
42
Let u(q) = 12*q + 111. Give u(-9).
3
Let h(z) = 69*z - 142. Give h(2).
-4
Let a(x) = -7*x**2 - 1. Determine a(2).
-29
Let v(x) = x**3 - x**2 - 34. Calculate v(0).
-34
Let b(m) = 19*m**3 - 2*m**2 - m. What is b(-1)?
-20
Let k(v) = v**3 - 6*v**2 - 4*v + 10. Calculate k(5).
-35
Let c(n) = -n**3 - 10*n**2 - 23*n - 14. Calculate c(-7).
0
Let r(t) = -22*t + 25. What is r(3)?
-41
Let a(o) = o**3 + 5*o**2 + 9*o + 4. Calculate a(-2).
-2
Let a(c) = c**2 + 16*c - 15. Give a(-13).
-54
Let u(d) = 4*d**2 + 8*d + 6. Calculate u(-3).
18
Let l(m) = m**3 - 15*m**2 - 17*m + 26. What is l(16)?
10
Let j(u) = 14*u**3 + u - 2. Calculate j(1).
13
Let r(p) = p**3 - 12*p**2 + p - 3. Determine r(12).
9
Let x(r) = 2*r - 28. What is x(14)?
0
Let y(n) = -n**3 - 3*n**2 + 13*n + 19. What is y(-3)?
-20
Let s(k) = k**2 + 5*k + 11. What is s(-8)?
35
Let d(p) = -39*p - 6. What is d(-2)?
72
Let q(i) = 3*i**2 + 24*i - 51. What is q(-10)?
9
Let l(o) = o**2 + 16*o - 17. Determine l(-19).
40
Let d(q) = 2*q**2 + 61*q + 432. Determine d(-11).
3
Let h(w) = 9*w + 55. Calculate h(-7).
-8
Let k(x) = -x**3 - 12*x**2 - 15*x - 13. Calculate k(-11).
31
Let u(l) = 34*l - 5. Determine u(0).
-5
Let g(c) = c**3 + 4*c**2 - 3*c. Determine g(-4).
12
Let k(p) = p**3 + 10*p**2 + p - 8. What is k(-11)?
-140
Let f(d) = -d**3 + 5*d**2 - 4*d + 9. Give f(4).
9
Let q(s) = -s**2 + 15*s - 13. Give q(13).
13
Let x(k) = -7*k + 12. What is x(-4)?
40
Let s(c) = -c**2 + 8*c - 11. Give s(6).
1
Let r(u) = -4*u - 8. What is r(-7)?
20
Let r(u) = -u**2 - 12*u - 15. What is r(-11)?
-4
Let n(o) = -14*o - 297. Calculate n(-24).
39
Let w(z) = -21*z - 1367. Calculate w(-65).
-2
Let g(h) = 5*h + 3. Give g(-5).
-22
Let t(a) = -7*a + 3. Calculate t(4).
-25
Let u(d) = d**3 - 10*d**2 + 16. Determine u(9).
-65
Let i(y) = -y**3 - 13*y**2 - 12*y - 4. Determine i(-12).
-4
Let u(r) = r**2 + 4*r + 2. Determine u(-6).
14
Let y(o) = -o**2 - 13*o - 13. What is y(-10)?
17
Let b(y) = y**3 - 5*y**2 - 2*y + 4. Give b(6).
28
Let l(p) = p**2 - p - 4. Determine l(-5).
26
Let q(g) = -10*g - 2. Give q(3).
-32
Let z(o) = -30*o - 67. Calculate z(-3).
23
Let a(b) = -32*b - 180. What is a(-5)?
-20
Let d(w) = w**3 - 4*w**2 - 3*w + 2. Calculate d(4).
-10
Let d(k) = -k**3 - 3*k**2 + 8*k - 4. Determine d(-5).
6
Let n(b) = -4*b - 35. Calculate n(-15).
25
Let h(j) = -j**2 - 6*j + 46. Determine h(-10).
6
Let o(u) = 8*u**2 - 2*u + 1. What is o(-1)?
11
Let s(n) = n**3 - 5*n**2 - 7*n + 6. Calculate s(6).
0
Let q(h) = 4*h - 44. Calculate q(8).
-12
Let c(y) = 5*y**3 - 3*y**2 - 6*y - 5. Give c(-3).
-149
Let o(d) = -d**3 - 26*d**2 + 57*d + 5. What is o(-28)?
-23
Let f(m) = -2*m**2 - 12*m + 79. Determine f(-11).
-31
Let u(a) = -a**3 + 9*a**2 - 10*a. Determine u(5).
50
Let z(r) = -11*r - 43. What is z(-5)?
12
Let s(d) = d**3 - 14*d**2 - 17*d + 2. Determine s(15).
-28
Let u(c) = c**3 - 3*c**2 - 5*c + 9. Calculate u(4).
5
Let t(r) = -r**3 - 5*r**2 + 16*r + 25. Calculate t(-5).
-55
Let f(h) = h**2 - 15*h - 23. Determine f(16).
-7
Let f(a) = -3*a + 2. What is f(4)?
-10
Let d(o) = -24*o - 22. What is d(-1)?
2
Let o(l) = l + 4. Determine o(-8).
-4
Let v(b) = -2*b + 18. Determine v(8).
2
Let k(m) = -m**2 - 7*m + 19. Give k(-9).
1
Let q(s) = -15*s - 15. Determine q(5).
-90
Let m(h) = h**2 + 4*h - 10. What is m(-9)?
35
Let d(f) = -168*f - 677. Determine d(-4).
-5
Let a(d) = d**2 - 18. Determine a(-4).
-2
Let x(s) = -2*s - 11. What is x(-9)?
7
Let p(n) = -n**3 - 7*n**2 - 5*n - 1. What is p(-5)?
-26
Let v(y) = 2*y**2 + y - 9. What is v(0)?
-9
Let k(b) = b**3 - 6*b**2 - b - 6. Give k(6).
-12
Let a(m) = -m**3 - 15*m**2 - 14*m - 7. What is a(-14)?
-7
Let u(f) = -12*f - 21. What is u(-3)?
15
Let u(o) = -o**2 + 10*o - 23. Calculate u(4).
1
Let a(j) = 5*j - 4. Give a(2).
6
Let t(k) = -15*k - 405. Calculate t(-27).
0
Let m(w) = w**3 + 4*w**2 - 4*w - 5. What is m(-6)?
-53
Let w(c) = c**3 + 10*c**2 + c + 10. Calculate w(-10).
0
Let d(j) = j**3 + 22*j**2 - 22*j + 23. What is d(-23)?
0
Let x(a) = 2*a - 5. Determine x(7).
9
Let t(k) = -k**3 - 25*k**2 - 26*k - 49. Calculate t(-24).
-1
Let k(q) = -2*q**2 - 18*q + 2. What is k(-9)?
2
Let s(w) = -w**3 - 5*w**2 - 2*w. Determine s(-2).
-8
Let d(q) = -23*q + 142. Calculate d(6).
4
Let t(c) = -c**2 - 9*c + 28. What is t(-12)?
-8
Let o(f) = -2*f - 22. Give o(3).
-28
Let z(a) = -5*a + 65. Calculate z(14).
-5
Let n(g) = -g + 10. What is n(18)?
-8
Let y(c) = c**3 - 2*c**2 - 13*c + 4. Give y(4).
-16
Let x(t) = -22*t**2 - 2*t + 1. Calculate x(1).
-23
Let g(q) = 2*q**3 + 3*q**2 + 2*q + 1. Calculate g(-2).
-7
Let x(m) = m**2 + 6*m + 3. What is x(-3)?
-6
Let o(n) = 34*n - 6. Give o(-1).
-40
Let f(j) = -44*j**2 + 13*j - 14. Give f(1).
-45
Let t(p) = p**2 + 19*p - 33. Calculate t(-20).
-13
Let p(t) = -t**3 + 4*t**2 - 3. Calculate p(4).
-3
Let q(z) = 2*z + 2. Calculate q(5).
12
Let y(v) = -2*v - 2. Calculate y(-3).
4
Let f(r) = 41*r + 27. Give f(4).
191
Let c(b) = 27*b + 993. Calculate c(-37).
-6
Let j(m) = 4*m**2 + 89*m + 20. What is j(-22)?
-2
Let c(j) = 2*j + 34. Calculate c(-11).
12
Let n(c) = 31*c**3 + c**2 + 5*c - 5. Give n(1).
32
Let c(g) = -g**3 - 8*g**2 - 14*g - 12. Calculate c(-5).
-17
Let y(k) = k**3 - 20*k**2 + 36*k - 7. Determine y(18).
-7
Let q(b) = -2*b + 3. What is q(4)?
-5
Let g(x) = x**3 + 12*x**2 + 11*x + 8. Give g(-11).
8
Let q(t) = -t**3 + 8*t**2 + 12*t + 13. Calculate q(10).
-67
Let s(t) = t**3 - 5*t - 2. Calculate s(5).
98
Let z(g) = 2*g + 13. What is z(-13)?
-13
Let s(g) = 3*g**2 - 6. Determine s(0).
-6
Let z(d) = -40*d + 148. Calculate z(4).
-12
Let x(v) = 2*v**2 - 3*v + 8. Determine x(2).
10
Let c(w) = 2*w**2 + 20*w - 1. What is c(-11)?
21
Let d(y) = -y - 14. Calculate d(-4).
-10
Let k(r) = r**3 - 2*r**2 + 3*r + 2. Calculate k(3).
20
Let b(l) = -l**2 - 6*l + 192. Calculate b(11).
5
Let o(q) = -5*q**2 + q + 13. What is o(5)?
-107
Let u(c) = c**2 + 2*c - 3. What is u(-2)?
-3
Let r(i) = -i**3 - 20*i**2 - 20*i - 14. Calculate r(-19).
5
Let r(d) = -d**2 - 31*d + 518. What is r(-43)?
2
Let w(d) = 2*d - 3. Give w(4).
5
Let w(b) = b**2 - 5*b - 3. What is w(6)?
3
Let j(m) = m**2 - 11*m + 7. What is j(5)?
-23
Let j(r) = 22*r**2 + 2. Give j(-2).
90
Let g(l) = 25*l + 25. Determine g(-1).
0
Let f(h) = -2*h**3 - 15*h**2 - 11*h + 15. Calculate f(-6).
-27
Let m(p) = 2*p**2 - 3*p - 6. What is m(0)?
-6
Let p(z) = -z**2 - 8*z - 2. What is p(-9)?
-11
Let c(b) = -b**3 + 5*b**2 - 6*b + 2. What is c(4)?
-6
Let q(z) = -z**3 + 5*z**2 + 9*z - 17. Determine q(6).
1
Let p(m) = 5*m + 12. Give p(-8).
-28
Let i(y) = 9*y**3 + y**2 - 2*y + 1. What is i(1)?
9
Let q(o) = -2*o**3 + 6*o**2 - 4. What is q(4)?
-36
Let a(h) = 13*h**2 - 14*h + 7. Calculate a(3).
82
Let f(n) = -14*n - 309. Determine f(-21).
-15
Let d(v) = 38*v - 33. Give d(4).
119
Let f(h) = h**3 + 7*h**2 + h + 1. What is f(-7)?
-6
Let k(c) = c**3 - 3*c**2 - 5*c - 10. Determine k(5).
15
Let q(z) = -z**3 + 16*z**2 - 18*z + 34. Give q(15).
-11
Let w(c) = c**3 + 12*c**2 + 33*c - 11. Give w(-7).
3
Let x(s) = 2*s**2 - 21*s - 210. Calculate x(-6).
-12
Let h(z) = z**3 + 5*z**2 - 9*z - 17. What is h(-6)?
1
Let w(l) = -174*l + 2265. Give w(13).
3
Let o(z) = z**3 - 6*z**2 + 3*z + 6. Calculate o(5).
-4
Let w(g) = g**2 + 5*g + 15. Calculate w(-11).
81
Let o(q) = -4*q + 39. Calculate o(11).
-5
Let b(p) = -2*p**3 - 26*p**2 - 2*p - 28. Determine b(-13).
-2
Let j(f) = -f**2 - 5*f - 27. Give j(-7).
-41
Let r(f) = f - 5. Calculate r(-8).
-13
Let u(x) = -x**3 - 5*x**2 + 2*x - 6. Determine u(-5).
-16
Let b(o) = o**3 - 4*o**2 - 17*o + 38. Give b(6).
8
Let w(f) = -f**2 - 3*f + 2. What is w(-2)?
4
Let s(n) = -n**3 - 16*n**2 - 38*n + 23. What is s(-13)?
10
Let o(h) = 3*h - 54. Calculate o(18).
0
Let f(k) = k**3 - 4*k**2 - 8*k + 7. What is f(5)?
-8
Let k(w) = w**2 - 5*w - 43. Calculate k(10).
7
Let m(c) = c**2 + 14*c - 4. Give m(-15).
11
Let y(v) = -v + 7. What is y(7)?
0
Let n(t) = -t**3 + 5*t**2 - 6*t + 4. What is n(4)?
-4
Let q(n) = 